{"id":139,"date":"2013-09-10T20:20:38","date_gmt":"2013-09-10T19:20:38","guid":{"rendered":"http:\/\/www.hoehle.at\/wordpress\/?page_id=139"},"modified":"2013-09-24T21:41:27","modified_gmt":"2013-09-24T20:41:27","slug":"ausgabe-2003","status":"publish","type":"page","link":"http:\/\/www.hoehle.at\/wordpress\/publikationen\/ausgabe-2003\/","title":{"rendered":"Ausgabe 2003"},"content":{"rendered":"<div id=\"colOne\">\n<p><a href=\"http:\/\/www.hoehle.at\/wordpress\/wp-content\/uploads\/2013\/09\/VHO_2003.jpg\"><img loading=\"lazy\" decoding=\"async\" class=\"alignleft size-full wp-image-325\" alt=\"VHO_2003\" src=\"http:\/\/www.hoehle.at\/wordpress\/wp-content\/uploads\/2013\/09\/VHO_2003.jpg\" width=\"223\" height=\"314\" srcset=\"http:\/\/www.hoehle.at\/wordpress\/wp-content\/uploads\/2013\/09\/VHO_2003.jpg 223w, http:\/\/www.hoehle.at\/wordpress\/wp-content\/uploads\/2013\/09\/VHO_2003-213x300.jpg 213w\" sizes=\"(max-width: 223px) 100vw, 223px\" \/><\/a><\/p>\n<p>&nbsp;<\/p>\n<p>&nbsp;<\/p>\n<p>&nbsp;<\/p>\n<p>&nbsp;<\/p>\n<p>&nbsp;<\/p>\n<p>&nbsp;<\/p>\n<p>&nbsp;<\/p>\n<p>&nbsp;<\/p>\n<p>Format DIN A4, 173 Seiten, 129 Schwarz- Wei\u00dfbilder, 49 H\u00f6hlenpl\u00e4ne, gebunden, Bad Mitterndorf 2003<\/p>\n<p>Inhalt:<\/p>\n<p>1. Inhaltsverzeichnis<br \/>\n2. Der Verein f\u00fcr H\u00f6hlenkunde in Obersteier (8 Beitr\u00e4ge)<br \/>\n3. Speleo-Austria 2001 &#8211; ein R\u00fcckblick<br \/>\n4. Forschungen im Ausland (3 Beitr\u00e4ge)<br \/>\n5. Forschungen in \u00d6sterreich (42 Beitr\u00e4ge)<br \/>\n6. H\u00f6hlenrettung (2 Beitr\u00e4ge)<br \/>\n7. Allgemeines (4 Beitr\u00e4ge)<br \/>\n8. Buchbesprechungen<\/p>\n<p><strong><strong><\/strong><\/strong><strong>Preis: 20.- Euro + Versandkosten<\/strong><\/p>\n<\/div>\n","protected":false},"excerpt":{"rendered":"<p>&nbsp; &nbsp; &nbsp; &nbsp; &nbsp; &nbsp; &nbsp; &nbsp; Format DIN A4, 173 Seiten, 129 Schwarz- Wei\u00dfbilder, 49 H\u00f6hlenpl\u00e4ne, gebunden, Bad Mitterndorf 2003 Inhalt: 1. Inhaltsverzeichnis 2. Der Verein f\u00fcr H\u00f6hlenkunde in Obersteier (8 Beitr\u00e4ge) 3. Speleo-Austria 2001 &#8211; ein R\u00fcckblick &hellip; <a href=\"http:\/\/www.hoehle.at\/wordpress\/publikationen\/ausgabe-2003\/\">Weiterlesen <span class=\"meta-nav\">&rarr;<\/span><\/a><\/p>\n","protected":false},"author":2,"featured_media":0,"parent":119,"menu_order":0,"comment_status":"closed","ping_status":"closed","template":"","meta":{"footnotes":""},"_links":{"self":[{"href":"http:\/\/www.hoehle.at\/wordpress\/wp-json\/wp\/v2\/pages\/139"}],"collection":[{"href":"http:\/\/www.hoehle.at\/wordpress\/wp-json\/wp\/v2\/pages"}],"about":[{"href":"http:\/\/www.hoehle.at\/wordpress\/wp-json\/wp\/v2\/types\/page"}],"author":[{"embeddable":true,"href":"http:\/\/www.hoehle.at\/wordpress\/wp-json\/wp\/v2\/users\/2"}],"replies":[{"embeddable":true,"href":"http:\/\/www.hoehle.at\/wordpress\/wp-json\/wp\/v2\/comments?post=139"}],"version-history":[{"count":2,"href":"http:\/\/www.hoehle.at\/wordpress\/wp-json\/wp\/v2\/pages\/139\/revisions"}],"predecessor-version":[{"id":326,"href":"http:\/\/www.hoehle.at\/wordpress\/wp-json\/wp\/v2\/pages\/139\/revisions\/326"}],"up":[{"embeddable":true,"href":"http:\/\/www.hoehle.at\/wordpress\/wp-json\/wp\/v2\/pages\/119"}],"wp:attachment":[{"href":"http:\/\/www.hoehle.at\/wordpress\/wp-json\/wp\/v2\/media?parent=139"}],"curies":[{"name":"wp","href":"https:\/\/api.w.org\/{rel}","templated":true}]}}