{"id":1562,"date":"2019-07-03T11:31:16","date_gmt":"2019-07-03T10:31:16","guid":{"rendered":"http:\/\/www.hoehle.at\/wordpress\/?page_id=1562"},"modified":"2019-11-27T12:30:55","modified_gmt":"2019-11-27T11:30:55","slug":"gr-neusteinhoehle","status":"publish","type":"page","link":"http:\/\/www.hoehle.at\/wordpress\/forschung\/elmhoehle\/gr-neusteinhoehle\/","title":{"rendered":"Gr. Neusteinh\u00f6hle"},"content":{"rendered":"<p>Das riesige, mitten in einer Felswand gelegene Portal der Gr. Neusteinh\u00f6hle\u00a0 (1624\/251) wurde bereits am Beginn des vorigen Jahrhunderts von Othmar Schauberger vom Lawinenstein aus gesichtet.<\/p>\n<div id=\"attachment_1564\" style=\"width: 1210px\" class=\"wp-caption aligncenter\"><a href=\"http:\/\/www.hoehle.at\/wordpress\/wp-content\/uploads\/2019\/07\/FBK_5P7695.jpg\"><img loading=\"lazy\" decoding=\"async\" aria-describedby=\"caption-attachment-1564\" class=\"size-full wp-image-1564\" src=\"http:\/\/www.hoehle.at\/wordpress\/wp-content\/uploads\/2019\/07\/FBK_5P7695.jpg\" alt=\"Das weit sichtbare Portal der Gr. Neusteinh\u00f6hle.\" width=\"1200\" height=\"795\" srcset=\"http:\/\/www.hoehle.at\/wordpress\/wp-content\/uploads\/2019\/07\/FBK_5P7695.jpg 1200w, http:\/\/www.hoehle.at\/wordpress\/wp-content\/uploads\/2019\/07\/FBK_5P7695-300x198.jpg 300w, http:\/\/www.hoehle.at\/wordpress\/wp-content\/uploads\/2019\/07\/FBK_5P7695-1024x678.jpg 1024w, http:\/\/www.hoehle.at\/wordpress\/wp-content\/uploads\/2019\/07\/FBK_5P7695-452x300.jpg 452w\" sizes=\"(max-width: 1200px) 100vw, 1200px\" \/><\/a><p id=\"caption-attachment-1564\" class=\"wp-caption-text\">Das weit sichtbare Portal der Gr. Neusteinh\u00f6hle.<\/p><\/div>\n<p>Am 02.07.2019 konnte das in rund 80 m H\u00f6he gelegene Riesenportal von Gerald Polz und Robert Seebacher erklettert werden. Die Vermessung der H\u00f6hle erbrachte eine Gesamtl\u00e4nge von vorerst 45 m.<\/p>\n<div id=\"attachment_1591\" style=\"width: 910px\" class=\"wp-caption aligncenter\"><a href=\"http:\/\/www.hoehle.at\/wordpress\/wp-content\/uploads\/2019\/07\/FBIMG-20190702-WA0000.jpg\"><img loading=\"lazy\" decoding=\"async\" aria-describedby=\"caption-attachment-1591\" class=\"size-full wp-image-1591\" src=\"http:\/\/www.hoehle.at\/wordpress\/wp-content\/uploads\/2019\/07\/FBIMG-20190702-WA0000.jpg\" alt=\"Am Eingang der Gr. Neusteinh\u00f6hle am Tag der ersten Erforschung. Foto: G. Polz\" width=\"900\" height=\"1200\" srcset=\"http:\/\/www.hoehle.at\/wordpress\/wp-content\/uploads\/2019\/07\/FBIMG-20190702-WA0000.jpg 900w, http:\/\/www.hoehle.at\/wordpress\/wp-content\/uploads\/2019\/07\/FBIMG-20190702-WA0000-225x300.jpg 225w, http:\/\/www.hoehle.at\/wordpress\/wp-content\/uploads\/2019\/07\/FBIMG-20190702-WA0000-768x1024.jpg 768w\" sizes=\"(max-width: 900px) 100vw, 900px\" \/><\/a><p id=\"caption-attachment-1591\" class=\"wp-caption-text\">Am Eingang der Gr. Neusteinh\u00f6hle am Tag der ersten Erforschung. Foto: G. Polz<\/p><\/div>\n<p><a href=\"http:\/\/www.hoehle.at\/wordpress\/wp-content\/uploads\/2019\/07\/FBIMG_5302.jpg\"><img loading=\"lazy\" decoding=\"async\" class=\"aligncenter size-full wp-image-1592\" src=\"http:\/\/www.hoehle.at\/wordpress\/wp-content\/uploads\/2019\/07\/FBIMG_5302.jpg\" alt=\"FBIMG_5302\" width=\"800\" height=\"1200\" srcset=\"http:\/\/www.hoehle.at\/wordpress\/wp-content\/uploads\/2019\/07\/FBIMG_5302.jpg 800w, http:\/\/www.hoehle.at\/wordpress\/wp-content\/uploads\/2019\/07\/FBIMG_5302-200x300.jpg 200w, http:\/\/www.hoehle.at\/wordpress\/wp-content\/uploads\/2019\/07\/FBIMG_5302-682x1024.jpg 682w\" sizes=\"(max-width: 800px) 100vw, 800px\" \/><\/a><\/p>\n<p>&nbsp;<\/p>\n\n\t\t<style type=\"text\/css\">\n\t\t\t#gallery-1 {\n\t\t\t\tmargin: auto;\n\t\t\t}\n\t\t\t#gallery-1 .gallery-item {\n\t\t\t\tfloat: left;\n\t\t\t\tmargin-top: 10px;\n\t\t\t\ttext-align: center;\n\t\t\t\twidth: 33%;\n\t\t\t}\n\t\t\t#gallery-1 img {\n\t\t\t\tborder: 2px solid #cfcfcf;\n\t\t\t}\n\t\t\t#gallery-1 .gallery-caption {\n\t\t\t\tmargin-left: 0;\n\t\t\t}\n\t\t\t\/* see gallery_shortcode() in wp-includes\/media.php *\/\n\t\t<\/style>\n\t\t<div id='gallery-1' class='gallery galleryid-1562 gallery-columns-3 gallery-size-thumbnail'><dl class='gallery-item'>\n\t\t\t<dt class='gallery-icon landscape'>\n\t\t\t\t<a href='http:\/\/www.hoehle.at\/wordpress\/forschung\/elmhoehle\/gr-neusteinhoehle\/fbimg_5281\/'><img loading=\"lazy\" decoding=\"async\" width=\"150\" height=\"150\" src=\"http:\/\/www.hoehle.at\/wordpress\/wp-content\/uploads\/2019\/07\/FBIMG_5281-150x150.jpg\" class=\"attachment-thumbnail size-thumbnail\" alt=\"\" \/><\/a>\n\t\t\t<\/dt><\/dl><dl class='gallery-item'>\n\t\t\t<dt class='gallery-icon portrait'>\n\t\t\t\t<a href='http:\/\/www.hoehle.at\/wordpress\/forschung\/elmhoehle\/gr-neusteinhoehle\/fbimg_5298\/'><img loading=\"lazy\" decoding=\"async\" width=\"150\" height=\"150\" src=\"http:\/\/www.hoehle.at\/wordpress\/wp-content\/uploads\/2019\/07\/FBIMG_5298-150x150.jpg\" class=\"attachment-thumbnail size-thumbnail\" alt=\"\" \/><\/a>\n\t\t\t<\/dt><\/dl><dl class='gallery-item'>\n\t\t\t<dt class='gallery-icon landscape'>\n\t\t\t\t<a href='http:\/\/www.hoehle.at\/wordpress\/forschung\/elmhoehle\/gr-neusteinhoehle\/fbimg_5300\/'><img loading=\"lazy\" decoding=\"async\" width=\"150\" height=\"150\" src=\"http:\/\/www.hoehle.at\/wordpress\/wp-content\/uploads\/2019\/07\/FBIMG_5300-150x150.jpg\" class=\"attachment-thumbnail size-thumbnail\" alt=\"\" \/><\/a>\n\t\t\t<\/dt><\/dl><br style=\"clear: both\" \/><dl class='gallery-item'>\n\t\t\t<dt class='gallery-icon portrait'>\n\t\t\t\t<a href='http:\/\/www.hoehle.at\/wordpress\/forschung\/elmhoehle\/gr-neusteinhoehle\/img-20190702-wa0004\/'><img loading=\"lazy\" decoding=\"async\" width=\"150\" height=\"150\" src=\"http:\/\/www.hoehle.at\/wordpress\/wp-content\/uploads\/2019\/07\/IMG-20190702-WA0004-150x150.jpg\" class=\"attachment-thumbnail size-thumbnail\" alt=\"\" \/><\/a>\n\t\t\t<\/dt><\/dl>\n\t\t\t<br style='clear: both' \/>\n\t\t<\/div>\n\n","protected":false},"excerpt":{"rendered":"<p>Das riesige, mitten in einer Felswand gelegene Portal der Gr. Neusteinh\u00f6hle\u00a0 (1624\/251) wurde bereits am Beginn des vorigen Jahrhunderts von Othmar Schauberger vom Lawinenstein aus gesichtet. Am 02.07.2019 konnte das in rund 80 m H\u00f6he gelegene Riesenportal von Gerald Polz &hellip; <a href=\"http:\/\/www.hoehle.at\/wordpress\/forschung\/elmhoehle\/gr-neusteinhoehle\/\">Weiterlesen <span class=\"meta-nav\">&rarr;<\/span><\/a><\/p>\n","protected":false},"author":2,"featured_media":0,"parent":1557,"menu_order":0,"comment_status":"closed","ping_status":"closed","template":"","meta":{"footnotes":""},"_links":{"self":[{"href":"http:\/\/www.hoehle.at\/wordpress\/wp-json\/wp\/v2\/pages\/1562"}],"collection":[{"href":"http:\/\/www.hoehle.at\/wordpress\/wp-json\/wp\/v2\/pages"}],"about":[{"href":"http:\/\/www.hoehle.at\/wordpress\/wp-json\/wp\/v2\/types\/page"}],"author":[{"embeddable":true,"href":"http:\/\/www.hoehle.at\/wordpress\/wp-json\/wp\/v2\/users\/2"}],"replies":[{"embeddable":true,"href":"http:\/\/www.hoehle.at\/wordpress\/wp-json\/wp\/v2\/comments?post=1562"}],"version-history":[{"count":7,"href":"http:\/\/www.hoehle.at\/wordpress\/wp-json\/wp\/v2\/pages\/1562\/revisions"}],"predecessor-version":[{"id":1723,"href":"http:\/\/www.hoehle.at\/wordpress\/wp-json\/wp\/v2\/pages\/1562\/revisions\/1723"}],"up":[{"embeddable":true,"href":"http:\/\/www.hoehle.at\/wordpress\/wp-json\/wp\/v2\/pages\/1557"}],"wp:attachment":[{"href":"http:\/\/www.hoehle.at\/wordpress\/wp-json\/wp\/v2\/media?parent=1562"}],"curies":[{"name":"wp","href":"https:\/\/api.w.org\/{rel}","templated":true}]}}