{"id":1573,"date":"2019-07-07T21:41:21","date_gmt":"2019-07-07T20:41:21","guid":{"rendered":"http:\/\/www.hoehle.at\/wordpress\/?page_id=1573"},"modified":"2020-11-17T14:00:10","modified_gmt":"2020-11-17T13:00:10","slug":"liager","status":"publish","type":"page","link":"http:\/\/www.hoehle.at\/wordpress\/forschung\/elmhoehle\/liager\/","title":{"rendered":"Liager"},"content":{"rendered":"<p style=\"text-align: justify;\">Die Liager-H\u00f6hle (1624\/39) &#8211; nicht zu verwechseln mit einem gleichnamigen Objekt in Altaussee &#8211; befindet sich unterhalb der gro\u00dfen Felswand des Neusteins n\u00f6rdlich des Kammersees in 1480 m Seeh\u00f6he. Aus dem sch\u00f6nen, rund 10 m hohen Portal tritt meist ein starker H\u00f6hlenbach aus. In den 1960er-Jahren erfolgte die Erforschung durch den Grundlseer H\u00f6hlenforscher Alfred Auer auf eine L\u00e4nge von rund 50 m bis zu einem Siphon.<\/p>\n<p><a href=\"http:\/\/www.hoehle.at\/wordpress\/wp-content\/uploads\/2019\/07\/FBIMG_5359.jpg\"><img loading=\"lazy\" decoding=\"async\" class=\"aligncenter size-full wp-image-1586\" src=\"http:\/\/www.hoehle.at\/wordpress\/wp-content\/uploads\/2019\/07\/FBIMG_5359.jpg\" alt=\"FBIMG_5359\" width=\"1200\" height=\"800\" srcset=\"http:\/\/www.hoehle.at\/wordpress\/wp-content\/uploads\/2019\/07\/FBIMG_5359.jpg 1200w, http:\/\/www.hoehle.at\/wordpress\/wp-content\/uploads\/2019\/07\/FBIMG_5359-300x200.jpg 300w, http:\/\/www.hoehle.at\/wordpress\/wp-content\/uploads\/2019\/07\/FBIMG_5359-1024x682.jpg 1024w, http:\/\/www.hoehle.at\/wordpress\/wp-content\/uploads\/2019\/07\/FBIMG_5359-450x300.jpg 450w\" sizes=\"(max-width: 1200px) 100vw, 1200px\" \/><\/a><\/p>\n<p style=\"text-align: justify;\">Am 07.07.2019 konnte im Zuge des neuen VHO-Projektes der 27 m lange Siphon\u00a0 durchtaucht werden. Dahinter folgt eine enge, wasserdurchtoste Kluft. Insgesamt Erforschung von rund 40 m Neuland (27 m Unterwasservermessung).<\/p>\n<p style=\"text-align: justify;\">Aufgrund der starken Regenf\u00e4lle war der H\u00f6hlenbach ziemlich gro\u00df und erschwerte die Forschungen.<\/p>\n<p style=\"text-align: justify;\">Teilnehmer: Christoph Peer, Franz Schmidt und Robert Seebacher.<\/p>\n<p style=\"text-align: justify;\">Am 14.11.2020 konnen die Eingangsteile bis zum Siphon durch Robert und Sebastian Seebacher auf eine L\u00e4nge von 80 m vermessen werden.<\/p>\n<p><a href=\"http:\/\/www.hoehle.at\/wordpress\/wp-content\/uploads\/2019\/07\/IMG-20190707-WA0001.jpg\"><img loading=\"lazy\" decoding=\"async\" class=\"aligncenter size-full wp-image-1574\" src=\"http:\/\/www.hoehle.at\/wordpress\/wp-content\/uploads\/2019\/07\/IMG-20190707-WA0001.jpg\" alt=\"IMG-20190707-WA0001\" width=\"1184\" height=\"888\" srcset=\"http:\/\/www.hoehle.at\/wordpress\/wp-content\/uploads\/2019\/07\/IMG-20190707-WA0001.jpg 1184w, http:\/\/www.hoehle.at\/wordpress\/wp-content\/uploads\/2019\/07\/IMG-20190707-WA0001-300x225.jpg 300w, http:\/\/www.hoehle.at\/wordpress\/wp-content\/uploads\/2019\/07\/IMG-20190707-WA0001-1024x768.jpg 1024w, http:\/\/www.hoehle.at\/wordpress\/wp-content\/uploads\/2019\/07\/IMG-20190707-WA0001-400x300.jpg 400w\" sizes=\"(max-width: 1184px) 100vw, 1184px\" \/><\/a><\/p>\n<p><a href=\"http:\/\/www.hoehle.at\/wordpress\/wp-content\/uploads\/2019\/07\/IMG-20190707-WA0020.jpg\"><img loading=\"lazy\" decoding=\"async\" class=\"aligncenter size-full wp-image-1587\" src=\"http:\/\/www.hoehle.at\/wordpress\/wp-content\/uploads\/2019\/07\/IMG-20190707-WA0020.jpg\" alt=\"IMG-20190707-WA0020\" width=\"1024\" height=\"683\" srcset=\"http:\/\/www.hoehle.at\/wordpress\/wp-content\/uploads\/2019\/07\/IMG-20190707-WA0020.jpg 1024w, http:\/\/www.hoehle.at\/wordpress\/wp-content\/uploads\/2019\/07\/IMG-20190707-WA0020-300x200.jpg 300w, http:\/\/www.hoehle.at\/wordpress\/wp-content\/uploads\/2019\/07\/IMG-20190707-WA0020-449x300.jpg 449w\" sizes=\"(max-width: 1024px) 100vw, 1024px\" \/><\/a><\/p>\n<p>&nbsp;<\/p>\n\n\t\t<style type=\"text\/css\">\n\t\t\t#gallery-1 {\n\t\t\t\tmargin: auto;\n\t\t\t}\n\t\t\t#gallery-1 .gallery-item {\n\t\t\t\tfloat: left;\n\t\t\t\tmargin-top: 10px;\n\t\t\t\ttext-align: center;\n\t\t\t\twidth: 33%;\n\t\t\t}\n\t\t\t#gallery-1 img {\n\t\t\t\tborder: 2px solid #cfcfcf;\n\t\t\t}\n\t\t\t#gallery-1 .gallery-caption {\n\t\t\t\tmargin-left: 0;\n\t\t\t}\n\t\t\t\/* see gallery_shortcode() in wp-includes\/media.php *\/\n\t\t<\/style>\n\t\t<div id='gallery-1' class='gallery galleryid-1573 gallery-columns-3 gallery-size-thumbnail'><dl class='gallery-item'>\n\t\t\t<dt class='gallery-icon landscape'>\n\t\t\t\t<a href='http:\/\/www.hoehle.at\/wordpress\/forschung\/elmhoehle\/liager\/img-20190707-wa0010\/'><img loading=\"lazy\" decoding=\"async\" width=\"150\" height=\"150\" src=\"http:\/\/www.hoehle.at\/wordpress\/wp-content\/uploads\/2019\/07\/IMG-20190707-WA0010-150x150.jpg\" class=\"attachment-thumbnail size-thumbnail\" alt=\"\" \/><\/a>\n\t\t\t<\/dt><\/dl><dl class='gallery-item'>\n\t\t\t<dt class='gallery-icon landscape'>\n\t\t\t\t<a href='http:\/\/www.hoehle.at\/wordpress\/forschung\/elmhoehle\/liager\/fbimg_5357\/'><img loading=\"lazy\" decoding=\"async\" width=\"150\" height=\"150\" src=\"http:\/\/www.hoehle.at\/wordpress\/wp-content\/uploads\/2019\/07\/FBIMG_5357-150x150.jpg\" class=\"attachment-thumbnail size-thumbnail\" alt=\"\" \/><\/a>\n\t\t\t<\/dt><\/dl><dl class='gallery-item'>\n\t\t\t<dt class='gallery-icon landscape'>\n\t\t\t\t<a href='http:\/\/www.hoehle.at\/wordpress\/forschung\/elmhoehle\/liager\/fbimg_5354\/'><img loading=\"lazy\" decoding=\"async\" width=\"150\" height=\"150\" src=\"http:\/\/www.hoehle.at\/wordpress\/wp-content\/uploads\/2019\/07\/FBIMG_5354-150x150.jpg\" class=\"attachment-thumbnail size-thumbnail\" alt=\"\" \/><\/a>\n\t\t\t<\/dt><\/dl><br style=\"clear: both\" \/><dl class='gallery-item'>\n\t\t\t<dt class='gallery-icon landscape'>\n\t\t\t\t<a href='http:\/\/www.hoehle.at\/wordpress\/forschung\/elmhoehle\/liager\/img-20190707-wa0037\/'><img loading=\"lazy\" decoding=\"async\" width=\"150\" height=\"150\" src=\"http:\/\/www.hoehle.at\/wordpress\/wp-content\/uploads\/2019\/07\/IMG-20190707-WA0037-150x150.jpg\" class=\"attachment-thumbnail size-thumbnail\" alt=\"\" \/><\/a>\n\t\t\t<\/dt><\/dl><dl class='gallery-item'>\n\t\t\t<dt class='gallery-icon portrait'>\n\t\t\t\t<a href='http:\/\/www.hoehle.at\/wordpress\/forschung\/elmhoehle\/liager\/img-20190707-wa0032\/'><img loading=\"lazy\" decoding=\"async\" width=\"150\" height=\"150\" src=\"http:\/\/www.hoehle.at\/wordpress\/wp-content\/uploads\/2019\/07\/IMG-20190707-WA0032-150x150.jpg\" class=\"attachment-thumbnail size-thumbnail\" alt=\"\" \/><\/a>\n\t\t\t<\/dt><\/dl><dl class='gallery-item'>\n\t\t\t<dt class='gallery-icon landscape'>\n\t\t\t\t<a href='http:\/\/www.hoehle.at\/wordpress\/forschung\/elmhoehle\/liager\/img-20190707-wa0031\/'><img loading=\"lazy\" decoding=\"async\" width=\"150\" height=\"150\" src=\"http:\/\/www.hoehle.at\/wordpress\/wp-content\/uploads\/2019\/07\/IMG-20190707-WA0031-150x150.jpg\" class=\"attachment-thumbnail size-thumbnail\" alt=\"\" \/><\/a>\n\t\t\t<\/dt><\/dl><br style=\"clear: both\" \/><dl class='gallery-item'>\n\t\t\t<dt class='gallery-icon landscape'>\n\t\t\t\t<a href='http:\/\/www.hoehle.at\/wordpress\/forschung\/elmhoehle\/liager\/img-20190707-wa0014\/'><img loading=\"lazy\" decoding=\"async\" width=\"150\" height=\"150\" src=\"http:\/\/www.hoehle.at\/wordpress\/wp-content\/uploads\/2019\/07\/IMG-20190707-WA0014-150x150.jpg\" class=\"attachment-thumbnail size-thumbnail\" alt=\"\" \/><\/a>\n\t\t\t<\/dt><\/dl><dl class='gallery-item'>\n\t\t\t<dt class='gallery-icon landscape'>\n\t\t\t\t<a href='http:\/\/www.hoehle.at\/wordpress\/forschung\/elmhoehle\/liager\/img-20190707-wa0019\/'><img loading=\"lazy\" decoding=\"async\" width=\"150\" height=\"150\" src=\"http:\/\/www.hoehle.at\/wordpress\/wp-content\/uploads\/2019\/07\/IMG-20190707-WA0019-150x150.jpg\" class=\"attachment-thumbnail size-thumbnail\" alt=\"\" \/><\/a>\n\t\t\t<\/dt><\/dl><dl class='gallery-item'>\n\t\t\t<dt class='gallery-icon landscape'>\n\t\t\t\t<a href='http:\/\/www.hoehle.at\/wordpress\/forschung\/elmhoehle\/liager\/img-20190707-wa0020-2\/'><img loading=\"lazy\" decoding=\"async\" width=\"150\" height=\"150\" src=\"http:\/\/www.hoehle.at\/wordpress\/wp-content\/uploads\/2019\/07\/IMG-20190707-WA00201-150x150.jpg\" class=\"attachment-thumbnail size-thumbnail\" alt=\"\" \/><\/a>\n\t\t\t<\/dt><\/dl><br style=\"clear: both\" \/>\n\t\t<\/div>\n\n<p><strong style=\"font-weight: bold; color: inherit;\">Forschungsstand (11\/2020):<\/strong><\/p>\n<p><strong style=\"font-weight: bold; color: inherit;\">Gesamtl\u00e4nge:\u00a0 \u00a0 \u00a0 \u00a0 \u00a0 107 m (117 m)<\/strong><\/p>\n<p><strong style=\"font-weight: bold; color: inherit;\">Niveaudifferenz:\u00a0 ca. 20 m<\/strong><\/p>\n<p>&nbsp;<\/p>\n","protected":false},"excerpt":{"rendered":"<p>Die Liager-H\u00f6hle (1624\/39) &#8211; nicht zu verwechseln mit einem gleichnamigen Objekt in Altaussee &#8211; befindet sich unterhalb der gro\u00dfen Felswand des Neusteins n\u00f6rdlich des Kammersees in 1480 m Seeh\u00f6he. Aus dem sch\u00f6nen, rund 10 m hohen Portal tritt meist ein &hellip; <a href=\"http:\/\/www.hoehle.at\/wordpress\/forschung\/elmhoehle\/liager\/\">Weiterlesen <span class=\"meta-nav\">&rarr;<\/span><\/a><\/p>\n","protected":false},"author":2,"featured_media":0,"parent":1557,"menu_order":0,"comment_status":"closed","ping_status":"closed","template":"","meta":{"footnotes":""},"_links":{"self":[{"href":"http:\/\/www.hoehle.at\/wordpress\/wp-json\/wp\/v2\/pages\/1573"}],"collection":[{"href":"http:\/\/www.hoehle.at\/wordpress\/wp-json\/wp\/v2\/pages"}],"about":[{"href":"http:\/\/www.hoehle.at\/wordpress\/wp-json\/wp\/v2\/types\/page"}],"author":[{"embeddable":true,"href":"http:\/\/www.hoehle.at\/wordpress\/wp-json\/wp\/v2\/users\/2"}],"replies":[{"embeddable":true,"href":"http:\/\/www.hoehle.at\/wordpress\/wp-json\/wp\/v2\/comments?post=1573"}],"version-history":[{"count":9,"href":"http:\/\/www.hoehle.at\/wordpress\/wp-json\/wp\/v2\/pages\/1573\/revisions"}],"predecessor-version":[{"id":1976,"href":"http:\/\/www.hoehle.at\/wordpress\/wp-json\/wp\/v2\/pages\/1573\/revisions\/1976"}],"up":[{"embeddable":true,"href":"http:\/\/www.hoehle.at\/wordpress\/wp-json\/wp\/v2\/pages\/1557"}],"wp:attachment":[{"href":"http:\/\/www.hoehle.at\/wordpress\/wp-json\/wp\/v2\/media?parent=1573"}],"curies":[{"name":"wp","href":"https:\/\/api.w.org\/{rel}","templated":true}]}}