{"id":1884,"date":"2020-04-26T14:31:52","date_gmt":"2020-04-26T13:31:52","guid":{"rendered":"http:\/\/www.hoehle.at\/wordpress\/?page_id=1884"},"modified":"2020-04-26T17:02:47","modified_gmt":"2020-04-26T16:02:47","slug":"zimitz-ursprung","status":"publish","type":"page","link":"http:\/\/www.hoehle.at\/wordpress\/forschung\/elmhoehle\/zimitz-ursprung\/","title":{"rendered":"Zimitz-Ursprung"},"content":{"rendered":"<p style=\"text-align: justify;\">Die Riesenkarstquelle des Zimitz-Ursprung liegt am S\u00fcdrand des Toten Gebirges in einer Seeh\u00f6he von rund 1040 m. Die Quelle d\u00fcrfte Sch\u00fcttungsspitzen von mehreren m\u00b3\/s aufweisen. Leider ist der Austritt durch einen massiven Felssturz verdeckt. M\u00f6glicherweise kann aber durch eine der h\u00f6herliegenden H\u00f6hlen der Zugang zu diesem interessanten Karstwassersystem gefunden werden.<\/p>\n<p style=\"text-align: justify;\"><a href=\"http:\/\/www.hoehle.at\/wordpress\/wp-content\/uploads\/2020\/04\/FBK_1P6257_stitch.jpg\"><img loading=\"lazy\" decoding=\"async\" class=\"aligncenter size-full wp-image-1887\" src=\"http:\/\/www.hoehle.at\/wordpress\/wp-content\/uploads\/2020\/04\/FBK_1P6257_stitch.jpg\" alt=\"FBK_1P6257_stitch\" width=\"1200\" height=\"469\" srcset=\"http:\/\/www.hoehle.at\/wordpress\/wp-content\/uploads\/2020\/04\/FBK_1P6257_stitch.jpg 1200w, http:\/\/www.hoehle.at\/wordpress\/wp-content\/uploads\/2020\/04\/FBK_1P6257_stitch-300x117.jpg 300w, http:\/\/www.hoehle.at\/wordpress\/wp-content\/uploads\/2020\/04\/FBK_1P6257_stitch-1024x400.jpg 1024w, http:\/\/www.hoehle.at\/wordpress\/wp-content\/uploads\/2020\/04\/FBK_1P6257_stitch-500x195.jpg 500w\" sizes=\"(max-width: 1200px) 100vw, 1200px\" \/><\/a><\/p>\n","protected":false},"excerpt":{"rendered":"<p>Die Riesenkarstquelle des Zimitz-Ursprung liegt am S\u00fcdrand des Toten Gebirges in einer Seeh\u00f6he von rund 1040 m. Die Quelle d\u00fcrfte Sch\u00fcttungsspitzen von mehreren m\u00b3\/s aufweisen. Leider ist der Austritt durch einen massiven Felssturz verdeckt. M\u00f6glicherweise kann aber durch eine der &hellip; <a href=\"http:\/\/www.hoehle.at\/wordpress\/forschung\/elmhoehle\/zimitz-ursprung\/\">Weiterlesen <span class=\"meta-nav\">&rarr;<\/span><\/a><\/p>\n","protected":false},"author":2,"featured_media":0,"parent":1557,"menu_order":0,"comment_status":"closed","ping_status":"closed","template":"","meta":{"footnotes":""},"_links":{"self":[{"href":"http:\/\/www.hoehle.at\/wordpress\/wp-json\/wp\/v2\/pages\/1884"}],"collection":[{"href":"http:\/\/www.hoehle.at\/wordpress\/wp-json\/wp\/v2\/pages"}],"about":[{"href":"http:\/\/www.hoehle.at\/wordpress\/wp-json\/wp\/v2\/types\/page"}],"author":[{"embeddable":true,"href":"http:\/\/www.hoehle.at\/wordpress\/wp-json\/wp\/v2\/users\/2"}],"replies":[{"embeddable":true,"href":"http:\/\/www.hoehle.at\/wordpress\/wp-json\/wp\/v2\/comments?post=1884"}],"version-history":[{"count":4,"href":"http:\/\/www.hoehle.at\/wordpress\/wp-json\/wp\/v2\/pages\/1884\/revisions"}],"predecessor-version":[{"id":1890,"href":"http:\/\/www.hoehle.at\/wordpress\/wp-json\/wp\/v2\/pages\/1884\/revisions\/1890"}],"up":[{"embeddable":true,"href":"http:\/\/www.hoehle.at\/wordpress\/wp-json\/wp\/v2\/pages\/1557"}],"wp:attachment":[{"href":"http:\/\/www.hoehle.at\/wordpress\/wp-json\/wp\/v2\/media?parent=1884"}],"curies":[{"name":"wp","href":"https:\/\/api.w.org\/{rel}","templated":true}]}}