{"id":2420,"date":"2023-10-01T18:07:46","date_gmt":"2023-10-01T17:07:46","guid":{"rendered":"http:\/\/www.hoehle.at\/wordpress\/?page_id=2420"},"modified":"2023-10-23T10:53:20","modified_gmt":"2023-10-23T09:53:20","slug":"ausgabe-2023","status":"publish","type":"page","link":"http:\/\/www.hoehle.at\/wordpress\/publikationen\/ausgabe-2023\/","title":{"rendered":"Ausgabe 2023"},"content":{"rendered":"<p><a href=\"http:\/\/www.hoehle.at\/wordpress\/wp-content\/uploads\/2023\/10\/VHO_2023.jpg\"><img loading=\"lazy\" decoding=\"async\" class=\"alignleft size-full wp-image-2421\" src=\"http:\/\/www.hoehle.at\/wordpress\/wp-content\/uploads\/2023\/10\/VHO_2023.jpg\" alt=\"VHO_2023\" width=\"225\" height=\"309\" srcset=\"http:\/\/www.hoehle.at\/wordpress\/wp-content\/uploads\/2023\/10\/VHO_2023.jpg 225w, http:\/\/www.hoehle.at\/wordpress\/wp-content\/uploads\/2023\/10\/VHO_2023-218x300.jpg 218w\" sizes=\"(max-width: 225px) 100vw, 225px\" \/><\/a><\/p>\n<p>&nbsp;<\/p>\n<p>&nbsp;<\/p>\n<p>&nbsp;<\/p>\n<p>&nbsp;<\/p>\n<p>&nbsp;<\/p>\n<p>&nbsp;<\/p>\n<p>&nbsp;<\/p>\n<p>&nbsp;<\/p>\n<p><strong>Tagungsband Speleo-Austria 2023<\/strong><\/p>\n<p style=\"text-align: justify;\">In 89 Berichten werden die h\u00f6hlenkundlichen Forschungsaktivit\u00e4ten, beginnend mit den Forschungen am Dachstein, dem Toten Gebirge und Namibia bis zu weiteren internationalen Forschungen und Tagungen beschrieben. Ein Bericht behandelt die Forschungen zu\u00a0Trockenmaueranlagen und Steinmonumente\u00a0in der Nordoststeiermark. Im Kapitel\u00a0Speleo-Austria finden sich die Zusammenfassungen zu den Vortr\u00e4gen sowie die Auflistung der l\u00e4ngsten und tiefsten H\u00f6hlen des Toten Gebirges u. des Dachsteins (Steirischer Teil) und der l\u00e4ngsten und tiefsten H\u00f6hlen \u00d6sterreichs. Berichte \u00fcber den\u00a0Verein f\u00fcr H\u00f6hlenkunde in Obersteier der vergangenen Jahren\u00a0runden das Buch ab.<\/p>\n<p>Format DIN A4, 452 Seiten, zahlreiche Farb- und Schwarz-\/Wei\u00dfbilder, viele H\u00f6hlenpl\u00e4ne,\u00a0gebunden, Bad Mitterndorf 2023<\/p>\n<p>Inhalt:<\/p>\n<p>1. Dachstein<\/p>\n<p>2. Totes Gebirge<\/p>\n<p>3. Namibia<\/p>\n<p>4. Forschungen International, &#8230;<\/p>\n<p>5. Forschungen in Felsg\u00e4ngen, &#8230;<\/p>\n<p>6. Speleo-Austria<\/p>\n<p>7.\u00a0Verein f\u00fcr H\u00f6hlenkunde in Obersteier<\/p>\n<p>8.\u00a0Register<\/p>\n<p>&nbsp;<\/p>\n<p><strong>Preis 35.- Euro + Versandkosten<\/strong><\/p>\n","protected":false},"excerpt":{"rendered":"<p>&nbsp; &nbsp; &nbsp; &nbsp; &nbsp; &nbsp; &nbsp; &nbsp; Tagungsband Speleo-Austria 2023 In 89 Berichten werden die h\u00f6hlenkundlichen Forschungsaktivit\u00e4ten, beginnend mit den Forschungen am Dachstein, dem Toten Gebirge und Namibia bis zu weiteren internationalen Forschungen und Tagungen beschrieben. Ein Bericht behandelt &hellip; <a href=\"http:\/\/www.hoehle.at\/wordpress\/publikationen\/ausgabe-2023\/\">Weiterlesen <span class=\"meta-nav\">&rarr;<\/span><\/a><\/p>\n","protected":false},"author":2,"featured_media":0,"parent":119,"menu_order":0,"comment_status":"closed","ping_status":"closed","template":"","meta":{"footnotes":""},"_links":{"self":[{"href":"http:\/\/www.hoehle.at\/wordpress\/wp-json\/wp\/v2\/pages\/2420"}],"collection":[{"href":"http:\/\/www.hoehle.at\/wordpress\/wp-json\/wp\/v2\/pages"}],"about":[{"href":"http:\/\/www.hoehle.at\/wordpress\/wp-json\/wp\/v2\/types\/page"}],"author":[{"embeddable":true,"href":"http:\/\/www.hoehle.at\/wordpress\/wp-json\/wp\/v2\/users\/2"}],"replies":[{"embeddable":true,"href":"http:\/\/www.hoehle.at\/wordpress\/wp-json\/wp\/v2\/comments?post=2420"}],"version-history":[{"count":4,"href":"http:\/\/www.hoehle.at\/wordpress\/wp-json\/wp\/v2\/pages\/2420\/revisions"}],"predecessor-version":[{"id":2473,"href":"http:\/\/www.hoehle.at\/wordpress\/wp-json\/wp\/v2\/pages\/2420\/revisions\/2473"}],"up":[{"embeddable":true,"href":"http:\/\/www.hoehle.at\/wordpress\/wp-json\/wp\/v2\/pages\/119"}],"wp:attachment":[{"href":"http:\/\/www.hoehle.at\/wordpress\/wp-json\/wp\/v2\/media?parent=2420"}],"curies":[{"name":"wp","href":"https:\/\/api.w.org\/{rel}","templated":true}]}}