{"id":70,"date":"2013-09-09T21:55:12","date_gmt":"2013-09-09T20:55:12","guid":{"rendered":"http:\/\/www.hoehle.at\/wordpress\/?page_id=70"},"modified":"2023-04-16T19:23:47","modified_gmt":"2023-04-16T18:23:47","slug":"auslandsforschung-expeditionen","status":"publish","type":"page","link":"http:\/\/www.hoehle.at\/wordpress\/forschung\/auslandsforschung-expeditionen\/","title":{"rendered":"Auslandsforschung, Expeditionen"},"content":{"rendered":"<p style=\"text-align: justify;\"><a href=\"http:\/\/www.hoehle.at\/wordpress\/wp-content\/uploads\/2013\/09\/23_2293.jpg\"><img loading=\"lazy\" decoding=\"async\" class=\"aligncenter size-full wp-image-477\" src=\"http:\/\/www.hoehle.at\/wordpress\/wp-content\/uploads\/2013\/09\/23_2293.jpg\" alt=\"23_2293\" width=\"800\" height=\"179\" srcset=\"http:\/\/www.hoehle.at\/wordpress\/wp-content\/uploads\/2013\/09\/23_2293.jpg 800w, http:\/\/www.hoehle.at\/wordpress\/wp-content\/uploads\/2013\/09\/23_2293-300x67.jpg 300w, http:\/\/www.hoehle.at\/wordpress\/wp-content\/uploads\/2013\/09\/23_2293-500x111.jpg 500w\" sizes=\"(max-width: 800px) 100vw, 800px\" \/><\/a>Die meisten Forschungen finden in unserem Katastergebiet rund um Bad Mitterndorf, im Toten Gebirge Warscheneck und Dachstein statt. Auch die meisten Vereinsmitglieder kommen aus der Gegend.<\/p>\n<p style=\"text-align: justify;\">Trotzdem ist der Verein nicht nur eine lokale Institution. Viele Mitglieder leben weit von Bad Mitterndorf, etwa 20% sogar au\u00dferhalb \u00d6sterreichs.<br \/>\nAusl\u00e4ndische Gruppen, die im Gebiet forschen sind h\u00e4ufig Vereinsmitglieder und arbeiten eng zusammen mit dem Verein. Das Vereinsheim ist eine Informationsdrehscheibe f\u00fcr Forschungen im Toten Gebirge. Dar\u00fcber hinaus unternimmt der Verein regelm\u00e4\u00dfig auch Forschungen im Ausland, z.B. in Kroatien, Malaysia, Iran und Afrika.<\/p>\n<p>Expeditionen nach Namibia:\u00a0Otavi 1993,\u00a0Otavi 1995,\u00a0Otavi 1998,\u00a0<a href=\"http:\/\/www.hoehle.at\/wordpress\/forschung\/auslandsforschung-expeditionen\/expedition-otavi-2012\/\">Otavi 2012<\/a>, Kaokoveld 2023<\/p>\n<p>Expedition nach Malaysia:\u00a0Gunung Lanno 2001<\/p>\n<p><a href=\"http:\/\/www.hoehle.at\/wordpress\/forschung\/auslandsforschung-expeditionen\/forschungen-im-iran\/\">Forschungen im Iran<\/a><\/p>\n<p>H\u00f6hlentauchen Kroatien:\u00a0<a href=\"http:\/\/www.hoehle.at\/wordpress\/hohlentauchen\/majerovo-vrelo-hr\/\">Majerovo-Vrelo<\/a><\/p>\n<p>Aktuelle informationen \u00fcber die laufenden Forschungen findet man im <a href=\"http:\/\/www.vho-caving-news.blogspot.com\/\">Forschungsblog<\/a>.<\/p>\n","protected":false},"excerpt":{"rendered":"<p>Die meisten Forschungen finden in unserem Katastergebiet rund um Bad Mitterndorf, im Toten Gebirge Warscheneck und Dachstein statt. Auch die meisten Vereinsmitglieder kommen aus der Gegend. Trotzdem ist der Verein nicht nur eine lokale Institution. Viele Mitglieder leben weit von &hellip; <a href=\"http:\/\/www.hoehle.at\/wordpress\/forschung\/auslandsforschung-expeditionen\/\">Weiterlesen <span class=\"meta-nav\">&rarr;<\/span><\/a><\/p>\n","protected":false},"author":2,"featured_media":0,"parent":32,"menu_order":6,"comment_status":"closed","ping_status":"closed","template":"","meta":{"footnotes":""},"_links":{"self":[{"href":"http:\/\/www.hoehle.at\/wordpress\/wp-json\/wp\/v2\/pages\/70"}],"collection":[{"href":"http:\/\/www.hoehle.at\/wordpress\/wp-json\/wp\/v2\/pages"}],"about":[{"href":"http:\/\/www.hoehle.at\/wordpress\/wp-json\/wp\/v2\/types\/page"}],"author":[{"embeddable":true,"href":"http:\/\/www.hoehle.at\/wordpress\/wp-json\/wp\/v2\/users\/2"}],"replies":[{"embeddable":true,"href":"http:\/\/www.hoehle.at\/wordpress\/wp-json\/wp\/v2\/comments?post=70"}],"version-history":[{"count":13,"href":"http:\/\/www.hoehle.at\/wordpress\/wp-json\/wp\/v2\/pages\/70\/revisions"}],"predecessor-version":[{"id":2240,"href":"http:\/\/www.hoehle.at\/wordpress\/wp-json\/wp\/v2\/pages\/70\/revisions\/2240"}],"up":[{"embeddable":true,"href":"http:\/\/www.hoehle.at\/wordpress\/wp-json\/wp\/v2\/pages\/32"}],"wp:attachment":[{"href":"http:\/\/www.hoehle.at\/wordpress\/wp-json\/wp\/v2\/media?parent=70"}],"curies":[{"name":"wp","href":"https:\/\/api.w.org\/{rel}","templated":true}]}}