{"id":86,"date":"2013-09-09T22:10:18","date_gmt":"2013-09-09T21:10:18","guid":{"rendered":"http:\/\/www.hoehle.at\/wordpress\/?page_id=86"},"modified":"2014-12-12T17:12:16","modified_gmt":"2014-12-12T16:12:16","slug":"schwarzenbach-loch","status":"publish","type":"page","link":"http:\/\/www.hoehle.at\/wordpress\/hohlentauchen\/schwarzenbach-loch\/","title":{"rendered":"Schwarzenbach-Loch"},"content":{"rendered":"<p>&nbsp;<\/p>\n<p><a href=\"http:\/\/www.hoehle.at\/wordpress\/wp-content\/uploads\/2013\/09\/PR16252009-08-07-Schwarzbachloch-1.jpg\"><img loading=\"lazy\" decoding=\"async\" class=\"aligncenter size-full wp-image-983\" src=\"http:\/\/www.hoehle.at\/wordpress\/wp-content\/uploads\/2013\/09\/PR16252009-08-07-Schwarzbachloch-1.jpg\" alt=\"PR16252009-08-07 Schwarzbachloch 1\" width=\"1000\" height=\"671\" srcset=\"http:\/\/www.hoehle.at\/wordpress\/wp-content\/uploads\/2013\/09\/PR16252009-08-07-Schwarzbachloch-1.jpg 1000w, http:\/\/www.hoehle.at\/wordpress\/wp-content\/uploads\/2013\/09\/PR16252009-08-07-Schwarzbachloch-1-300x201.jpg 300w, http:\/\/www.hoehle.at\/wordpress\/wp-content\/uploads\/2013\/09\/PR16252009-08-07-Schwarzbachloch-1-447x300.jpg 447w\" sizes=\"(max-width: 1000px) 100vw, 1000px\" \/><\/a><\/p>\n<p><strong><strong>Kat.Nr.: 1612\/7<\/strong><\/strong><\/p>\n<p>Das Schwarzenbachloch ist eine altbekannte Wasserh\u00f6hle bei Bad Goisern. In den engr\u00e4umigen Endsiphon wurden 2009 durch Robert Seebacher zwei Forschungstauchg\u00e4nge unternommen.<\/p>\n<p><a href=\"http:\/\/vho-caving-news.blogspot.co.at\/2009\/07\/tauchgang-im-schwarzenbachloch.html\">Tauchgang im Schwarzenbachloch<\/a><\/p>\n<p><a href=\"http:\/\/vho-caving-news.blogspot.co.at\/2009\/08\/erneuter-tauchgang-im-schwarzenbachloch.html\">Erneuter Tauchgang im Schwazenbachloch<\/a><\/p>\n<p><a href=\"http:\/\/www.hoehle.at\/wordpress\/wp-content\/uploads\/2013\/09\/PR16252009-08-07-Schwarzbachloch-4.jpg\"><img loading=\"lazy\" decoding=\"async\" class=\"aligncenter size-full wp-image-982\" src=\"http:\/\/www.hoehle.at\/wordpress\/wp-content\/uploads\/2013\/09\/PR16252009-08-07-Schwarzbachloch-4.jpg\" alt=\"PR16252009-08-07 Schwarzbachloch 4\" width=\"1000\" height=\"671\" srcset=\"http:\/\/www.hoehle.at\/wordpress\/wp-content\/uploads\/2013\/09\/PR16252009-08-07-Schwarzbachloch-4.jpg 1000w, http:\/\/www.hoehle.at\/wordpress\/wp-content\/uploads\/2013\/09\/PR16252009-08-07-Schwarzbachloch-4-300x201.jpg 300w, http:\/\/www.hoehle.at\/wordpress\/wp-content\/uploads\/2013\/09\/PR16252009-08-07-Schwarzbachloch-4-447x300.jpg 447w\" sizes=\"(max-width: 1000px) 100vw, 1000px\" \/><\/a><\/p>\n<p>Aktuelle Informationen \u00fcber die laufenden Forschungen findet man im <a href=\"http:\/\/vho-caving-news.blogspot.com\/\">Forschungsblog.<\/a><\/p>\n<p>&nbsp;<\/p>\n","protected":false},"excerpt":{"rendered":"<p>&nbsp; Kat.Nr.: 1612\/7 Das Schwarzenbachloch ist eine altbekannte Wasserh\u00f6hle bei Bad Goisern. In den engr\u00e4umigen Endsiphon wurden 2009 durch Robert Seebacher zwei Forschungstauchg\u00e4nge unternommen. Tauchgang im Schwarzenbachloch Erneuter Tauchgang im Schwazenbachloch Aktuelle Informationen \u00fcber die laufenden Forschungen findet man im &hellip; <a href=\"http:\/\/www.hoehle.at\/wordpress\/hohlentauchen\/schwarzenbach-loch\/\">Weiterlesen <span class=\"meta-nav\">&rarr;<\/span><\/a><\/p>\n","protected":false},"author":2,"featured_media":0,"parent":72,"menu_order":0,"comment_status":"closed","ping_status":"closed","template":"","meta":{"footnotes":""},"_links":{"self":[{"href":"http:\/\/www.hoehle.at\/wordpress\/wp-json\/wp\/v2\/pages\/86"}],"collection":[{"href":"http:\/\/www.hoehle.at\/wordpress\/wp-json\/wp\/v2\/pages"}],"about":[{"href":"http:\/\/www.hoehle.at\/wordpress\/wp-json\/wp\/v2\/types\/page"}],"author":[{"embeddable":true,"href":"http:\/\/www.hoehle.at\/wordpress\/wp-json\/wp\/v2\/users\/2"}],"replies":[{"embeddable":true,"href":"http:\/\/www.hoehle.at\/wordpress\/wp-json\/wp\/v2\/comments?post=86"}],"version-history":[{"count":4,"href":"http:\/\/www.hoehle.at\/wordpress\/wp-json\/wp\/v2\/pages\/86\/revisions"}],"predecessor-version":[{"id":985,"href":"http:\/\/www.hoehle.at\/wordpress\/wp-json\/wp\/v2\/pages\/86\/revisions\/985"}],"up":[{"embeddable":true,"href":"http:\/\/www.hoehle.at\/wordpress\/wp-json\/wp\/v2\/pages\/72"}],"wp:attachment":[{"href":"http:\/\/www.hoehle.at\/wordpress\/wp-json\/wp\/v2\/media?parent=86"}],"curies":[{"name":"wp","href":"https:\/\/api.w.org\/{rel}","templated":true}]}}