{"id":88,"date":"2013-09-09T22:11:13","date_gmt":"2013-09-09T21:11:13","guid":{"rendered":"http:\/\/www.hoehle.at\/wordpress\/?page_id=88"},"modified":"2020-01-26T23:08:01","modified_gmt":"2020-01-26T22:08:01","slug":"radaubach-ursprung","status":"publish","type":"page","link":"http:\/\/www.hoehle.at\/wordpress\/hohlentauchen\/radaubach-ursprung\/","title":{"rendered":"Radaubach-Ursprung"},"content":{"rendered":"<p><strong>Kat.Nr.: 1566\/7<\/strong><\/p>\n<p>Der Erste Siphon beginnt am Ende einer 8 m langen lufterf\u00fcllten H\u00f6hle. Die Tauchstrecke ist 91 m lang und 6 m tief. In der insgesamt sehr kleinr\u00e4umigen Unterwasserstrecke sind mehrere Engstellen zu \u00fcberwinden.<strong><br \/>\n<\/strong><\/p>\n<p><a href=\"http:\/\/www.hoehle.at\/wordpress\/wp-content\/uploads\/2013\/09\/Radau5.jpg\"><img loading=\"lazy\" decoding=\"async\" class=\"aligncenter size-full wp-image-1799\" src=\"http:\/\/www.hoehle.at\/wordpress\/wp-content\/uploads\/2013\/09\/Radau5.jpg\" alt=\"OLYMPUS DIGITAL CAMERA\" width=\"1024\" height=\"768\" srcset=\"http:\/\/www.hoehle.at\/wordpress\/wp-content\/uploads\/2013\/09\/Radau5.jpg 1024w, http:\/\/www.hoehle.at\/wordpress\/wp-content\/uploads\/2013\/09\/Radau5-300x225.jpg 300w, http:\/\/www.hoehle.at\/wordpress\/wp-content\/uploads\/2013\/09\/Radau5-400x300.jpg 400w\" sizes=\"(max-width: 1024px) 100vw, 1024px\" \/><\/a><\/p>\n<p>&nbsp;<\/p>\n<p><strong><a href=\"http:\/\/vho-caving-news.blogspot.com\/search\/label\/Radaubach-Ursprung\" target=\"_blank\">Bericht \u00fcber die Erforschung<\/a><\/strong><\/p>\n<p><strong><a href=\"http:\/\/www.hoehle.at\/wordpress\/wp-content\/uploads\/2013\/09\/Radaubach06-08.pdf\">Radaubach_Plan<\/a><\/strong><\/p>\n","protected":false},"excerpt":{"rendered":"<p>Kat.Nr.: 1566\/7 Der Erste Siphon beginnt am Ende einer 8 m langen lufterf\u00fcllten H\u00f6hle. Die Tauchstrecke ist 91 m lang und 6 m tief. In der insgesamt sehr kleinr\u00e4umigen Unterwasserstrecke sind mehrere Engstellen zu \u00fcberwinden. &nbsp; Bericht \u00fcber die Erforschung &hellip; <a href=\"http:\/\/www.hoehle.at\/wordpress\/hohlentauchen\/radaubach-ursprung\/\">Weiterlesen <span class=\"meta-nav\">&rarr;<\/span><\/a><\/p>\n","protected":false},"author":2,"featured_media":0,"parent":72,"menu_order":0,"comment_status":"closed","ping_status":"closed","template":"","meta":{"footnotes":""},"_links":{"self":[{"href":"http:\/\/www.hoehle.at\/wordpress\/wp-json\/wp\/v2\/pages\/88"}],"collection":[{"href":"http:\/\/www.hoehle.at\/wordpress\/wp-json\/wp\/v2\/pages"}],"about":[{"href":"http:\/\/www.hoehle.at\/wordpress\/wp-json\/wp\/v2\/types\/page"}],"author":[{"embeddable":true,"href":"http:\/\/www.hoehle.at\/wordpress\/wp-json\/wp\/v2\/users\/2"}],"replies":[{"embeddable":true,"href":"http:\/\/www.hoehle.at\/wordpress\/wp-json\/wp\/v2\/comments?post=88"}],"version-history":[{"count":6,"href":"http:\/\/www.hoehle.at\/wordpress\/wp-json\/wp\/v2\/pages\/88\/revisions"}],"predecessor-version":[{"id":1800,"href":"http:\/\/www.hoehle.at\/wordpress\/wp-json\/wp\/v2\/pages\/88\/revisions\/1800"}],"up":[{"embeddable":true,"href":"http:\/\/www.hoehle.at\/wordpress\/wp-json\/wp\/v2\/pages\/72"}],"wp:attachment":[{"href":"http:\/\/www.hoehle.at\/wordpress\/wp-json\/wp\/v2\/media?parent=88"}],"curies":[{"name":"wp","href":"https:\/\/api.w.org\/{rel}","templated":true}]}}