{"id":90,"date":"2013-09-09T22:12:04","date_gmt":"2013-09-09T21:12:04","guid":{"rendered":"http:\/\/www.hoehle.at\/wordpress\/?page_id=90"},"modified":"2020-11-02T13:50:47","modified_gmt":"2020-11-02T12:50:47","slug":"majerovo-vrelo-hr","status":"publish","type":"page","link":"http:\/\/www.hoehle.at\/wordpress\/hohlentauchen\/majerovo-vrelo-hr\/","title":{"rendered":"Majerovo-Vrelo (HR)"},"content":{"rendered":"<p>Im Jahre 1996 konnte der beeindruckende Quelltopf der Majerovo-Vrilo in Kroatien von Robert Seebacher erstmals erstbetaucht werden. Dabei gelang es eine ger\u00e4umige Unterwasserh\u00f6hle zu entdecken.<br \/>\nIn mehreren Expeditionen, unter weiterer Beteiligung von Ernest Geyer, Johann Putz und Klaus J\u00e4ger gelang es diese H\u00f6hle auf mehr als 220 m L\u00e4nge, bei einer Tiefe von 42 m zu erforschen und zu vermessen.<\/p>\n<p><img decoding=\"async\" src=\"http:\/\/www.hoehle.at\/homepage\/Z-pictures\/1996_0159.jpg\" alt=\"\" align=\"left\" hspace=\"0\" vspace=\"0\" \/><\/p>\n","protected":false},"excerpt":{"rendered":"<p>Im Jahre 1996 konnte der beeindruckende Quelltopf der Majerovo-Vrilo in Kroatien von Robert Seebacher erstmals erstbetaucht werden. Dabei gelang es eine ger\u00e4umige Unterwasserh\u00f6hle zu entdecken. In mehreren Expeditionen, unter weiterer Beteiligung von Ernest Geyer, Johann Putz und Klaus J\u00e4ger gelang &hellip; <a href=\"http:\/\/www.hoehle.at\/wordpress\/hohlentauchen\/majerovo-vrelo-hr\/\">Weiterlesen <span class=\"meta-nav\">&rarr;<\/span><\/a><\/p>\n","protected":false},"author":2,"featured_media":0,"parent":72,"menu_order":0,"comment_status":"closed","ping_status":"closed","template":"","meta":{"footnotes":""},"_links":{"self":[{"href":"http:\/\/www.hoehle.at\/wordpress\/wp-json\/wp\/v2\/pages\/90"}],"collection":[{"href":"http:\/\/www.hoehle.at\/wordpress\/wp-json\/wp\/v2\/pages"}],"about":[{"href":"http:\/\/www.hoehle.at\/wordpress\/wp-json\/wp\/v2\/types\/page"}],"author":[{"embeddable":true,"href":"http:\/\/www.hoehle.at\/wordpress\/wp-json\/wp\/v2\/users\/2"}],"replies":[{"embeddable":true,"href":"http:\/\/www.hoehle.at\/wordpress\/wp-json\/wp\/v2\/comments?post=90"}],"version-history":[{"count":4,"href":"http:\/\/www.hoehle.at\/wordpress\/wp-json\/wp\/v2\/pages\/90\/revisions"}],"predecessor-version":[{"id":1970,"href":"http:\/\/www.hoehle.at\/wordpress\/wp-json\/wp\/v2\/pages\/90\/revisions\/1970"}],"up":[{"embeddable":true,"href":"http:\/\/www.hoehle.at\/wordpress\/wp-json\/wp\/v2\/pages\/72"}],"wp:attachment":[{"href":"http:\/\/www.hoehle.at\/wordpress\/wp-json\/wp\/v2\/media?parent=90"}],"curies":[{"name":"wp","href":"https:\/\/api.w.org\/{rel}","templated":true}]}}